{"id":2669,"date":"2026-02-28T12:54:34","date_gmt":"2026-02-28T10:54:34","guid":{"rendered":"https:\/\/yliharmannuorisoseura.fi\/wordpress_4\/?page_id=2669"},"modified":"2026-03-07T11:10:39","modified_gmt":"2026-03-07T09:10:39","slug":"tuhkimo","status":"publish","type":"page","link":"https:\/\/yliharmannuorisoseura.fi\/wordpress_4\/tuhkimo\/","title":{"rendered":"Tuhkimo"},"content":{"rendered":"<div style=\"text-align: center;\">\n<p>Koko perheen teatteri esitt\u00e4\u00e4:<\/p>\n<\/div>\n<div style=\"text-align: center;\">\n<p><img loading=\"lazy\" decoding=\"async\" class=\"size-large wp-image-2705 aligncenter\" src=\"https:\/\/yliharmannuorisoseura.fi\/wordpress_4\/wp-content\/uploads\/2026\/03\/tuhkimo-1024x577.png\" alt=\"\" width=\"1024\" height=\"577\" srcset=\"https:\/\/yliharmannuorisoseura.fi\/wordpress_4\/wp-content\/uploads\/2026\/03\/tuhkimo-1024x577.png 1024w, https:\/\/yliharmannuorisoseura.fi\/wordpress_4\/wp-content\/uploads\/2026\/03\/tuhkimo-300x169.png 300w, https:\/\/yliharmannuorisoseura.fi\/wordpress_4\/wp-content\/uploads\/2026\/03\/tuhkimo-768x433.png 768w, https:\/\/yliharmannuorisoseura.fi\/wordpress_4\/wp-content\/uploads\/2026\/03\/tuhkimo-1536x865.png 1536w, https:\/\/yliharmannuorisoseura.fi\/wordpress_4\/wp-content\/uploads\/2026\/03\/tuhkimo.png 1640w\" sizes=\"auto, (max-width: 1024px) 100vw, 1024px\" \/><\/p>\n<\/div>\n<div style=\"text-align: center;\">Ylih\u00e4rm\u00e4n nuorisoseuran Koko perheen teatteri esitt\u00e4\u00e4 loppukes\u00e4st\u00e4 2026 satun\u00e4ytelm\u00e4n Tuhkimo. Rakastetun prinsessasadun raikkaassa uudessa versiossa n\u00e4hd\u00e4\u00e4n hulmuavia helmoja, tanssin py\u00f6rteit\u00e4, suuria tunteita ja onnellinen loppu.<\/div>\n<div style=\"text-align: center;\">\n<p>Liput tulevat myyntiin Nuorisoseurojen Puoti-nettikauppaan kev\u00e4\u00e4n aikana. Ryhm\u00e4varauksia otetaan jo vastaan.<\/p>\n<\/div>\n<div style=\"text-align: center;\">Esitysajat:<\/div>\n<div style=\"text-align: center;\">pe 14.8. klo 18.30<\/div>\n<div style=\"text-align: center;\">su 16.8. klo 15<\/div>\n<div style=\"text-align: center;\">pe 21.8. klo 18.30<\/div>\n<div style=\"text-align: center;\">su 23.8. klo 15<\/div>\n<div style=\"text-align: center;\">ke 26.8. klo 18.30<\/div>\n<div style=\"text-align: center;\">pe 28.8. klo 18.30<\/div>\n<div style=\"text-align: center;\">su 30.8. klo 15<\/div>\n<div style=\"text-align: center;\">ke 2.9. klo 18.30<\/div>\n<div style=\"text-align: center;\">pe 4.9. klo 18.30<br \/>\nsu 6.9. klo 15Lippujen hinnat:<\/div>\n<div style=\"text-align: center;\">Peruslippu 15 \u20ac<\/div>\n<div style=\"text-align: center;\">Ryhm\u00e4lippu 12 \u20ac (v\u00e4hint\u00e4\u00e4n 10 maksavaa\u00a0 henkil\u00f6\u00e4)<\/div>\n<div style=\"text-align: center;\">Alle 3- vuotiaat syliss\u00e4 istuvat ilmaiseksi<\/div>\n<div style=\"text-align: center;\">Kahvilippu 3 \u20ac<\/div>\n<div style=\"text-align: center;\">\n<p>Ryhm\u00e4varaukset:\u00a0<a title=\"mailto:teatteri.yliharmanns@gmail.com\" href=\"mailto:teatteri@yliharmannuorisoseura.fi\">teatteri@yliharmannuorisoseura.fi<\/a><\/p>\n<div>Yhteisty\u00f6ss\u00e4: J\u00e4rvilakeuden kansalaisopisto, Opintokeskus Kansalaisfoorumi, Kauhavan kaupunki<\/div>\n<div><\/div>\n<\/div>\n<div>\n<p>Ylih\u00e4rm\u00e4n nuorisoseuran Koko perheen teatterin tuotannoissa t\u00e4rkeint\u00e4 on oppimisen ilo ja eri sukupolvien v\u00e4linen yhdess\u00e4 tekeminen. Kaikissa produktioissa pyrit\u00e4\u00e4n my\u00f6s mahdollisimman korkeatasoiseen taiteelliseen lopputulokseen ja tekstit valitaan niin, ett\u00e4 ne puhuttelevat kaikenik\u00e4isi\u00e4 katsojia. Moni nuori n\u00e4yttelij\u00e4 suorittaa samalla my\u00f6s teatteritaiteen perusopetuksen teemaopintoja.<\/p>\n<\/div>\n<div>\n<p>Ylih\u00e4rm\u00e4n nuorisoseuran Koko perheen teatterin periaatteisiin kuuluu, ett\u00e4 kaikki halukkaat ovat tervetulleita mukaan n\u00e4ytelm\u00e4\u00e4n. T\u00e4n\u00e4 vuonna n\u00e4yttelij\u00f6iden m\u00e4\u00e4r\u00e4\u00e4 joudutaan kuitenkin rajaamaan mm. turvallisuussyist\u00e4. Ilmoittautuminen mukaan n\u00e4yttelem\u00e4\u00e4n k\u00e4ynnistyy su 8.3. klo 9 J\u00e4rvilakeuden kansalaisopiston kautta:\u00a0<a title=\"https:\/\/uusi.opistopalvelut.fi\/jarvilakeus\/fi\/course\/13219\" href=\"https:\/\/uusi.opistopalvelut.fi\/jarvilakeus\/fi\/course\/13219\">https:\/\/uusi.opistopalvelut.fi\/jarvilakeus\/fi\/course\/13219<\/a><\/p>\n<\/div>\n<div>N\u00e4ytelm\u00e4n ohjaa Linda Huhtaluhta ja k\u00e4sikirjoituksesta vastaa Rami Saarij\u00e4rvi. Koreografina on Heidi Luoma. Puvustajana on Leena Rissa ja lavastuksesta vastaavat Satu Linko ja Tero Hurtamo. Rekvisiitasta vastaa Kirsi Ruotsala ja tekniikasta Marko Hannus. Tuottajina toimivat Tanja Ekola ja Maaria Koivula-Talkkari. Ohjaajan assistenttina toimii Seija Mantere. Somevideoista vastaavat Veeti Hippi, Hanna-Maija Mantere, Helmi Hannus, Hilja-Maaria Linko, Eerika Tuominen ja muut nuoret aktiivit. N\u00e4ytelm\u00e4n esitysoikeuksia valvoo Suomen N\u00e4ytelm\u00e4kirjailijat ja K\u00e4sikirjoittajat ry.<\/div>\n","protected":false},"excerpt":{"rendered":"<p>Koko perheen teatteri esitt\u00e4\u00e4: Ylih\u00e4rm\u00e4n nuorisoseuran Koko perheen teatteri esitt\u00e4\u00e4 loppukes\u00e4st\u00e4 2026 satun\u00e4ytelm\u00e4n Tuhkimo. Rakastetun prinsessasadun raikkaassa uudessa versiossa n\u00e4hd\u00e4\u00e4n hulmuavia helmoja, tanssin py\u00f6rteit\u00e4, suuria tunteita ja onnellinen loppu. Liput tulevat myyntiin Nuorisoseurojen Puoti-nettikauppaan kev\u00e4\u00e4n aikana. Ryhm\u00e4varauksia otetaan jo vastaan. Esitysajat: pe 14.8. klo 18.30 su 16.8. klo 15 pe 21.8. klo 18.30 su 23.8.&#160;[&#8230;] <\/p>\n<p><a href=\"https:\/\/yliharmannuorisoseura.fi\/wordpress_4\/tuhkimo\/\" title=\"\" class=\"more-link\">Continue&#160;reading&#160;&#8230;<\/a><\/p>\n","protected":false},"author":6,"featured_media":0,"parent":0,"menu_order":0,"comment_status":"closed","ping_status":"closed","template":"","meta":{"footnotes":""},"class_list":["post-2669","page","type-page","status-publish","hentry"],"_links":{"self":[{"href":"https:\/\/yliharmannuorisoseura.fi\/wordpress_4\/wp-json\/wp\/v2\/pages\/2669","targetHints":{"allow":["GET"]}}],"collection":[{"href":"https:\/\/yliharmannuorisoseura.fi\/wordpress_4\/wp-json\/wp\/v2\/pages"}],"about":[{"href":"https:\/\/yliharmannuorisoseura.fi\/wordpress_4\/wp-json\/wp\/v2\/types\/page"}],"author":[{"embeddable":true,"href":"https:\/\/yliharmannuorisoseura.fi\/wordpress_4\/wp-json\/wp\/v2\/users\/6"}],"replies":[{"embeddable":true,"href":"https:\/\/yliharmannuorisoseura.fi\/wordpress_4\/wp-json\/wp\/v2\/comments?post=2669"}],"version-history":[{"count":14,"href":"https:\/\/yliharmannuorisoseura.fi\/wordpress_4\/wp-json\/wp\/v2\/pages\/2669\/revisions"}],"predecessor-version":[{"id":2707,"href":"https:\/\/yliharmannuorisoseura.fi\/wordpress_4\/wp-json\/wp\/v2\/pages\/2669\/revisions\/2707"}],"wp:attachment":[{"href":"https:\/\/yliharmannuorisoseura.fi\/wordpress_4\/wp-json\/wp\/v2\/media?parent=2669"}],"curies":[{"name":"wp","href":"https:\/\/api.w.org\/{rel}","templated":true}]}}