{"id":25,"date":"2014-01-28T11:08:18","date_gmt":"2014-01-28T09:08:18","guid":{"rendered":"http:\/\/yliharmannuorisoseura.fi\/wordpress_4\/?page_id=25"},"modified":"2026-03-01T16:40:39","modified_gmt":"2026-03-01T14:40:39","slug":"yhteystiedot","status":"publish","type":"page","link":"https:\/\/yliharmannuorisoseura.fi\/wordpress_4\/yhteystiedot\/","title":{"rendered":"Yhteystiedot"},"content":{"rendered":"<p><strong>Ryhmien lippuvaraukset:<\/strong><br \/>\nteatteri@yliharmannuorisoseura.fi<\/p>\n<p><strong>Osoite:<a href=\"https:\/\/yliharmannuorisoseura.fi\/wordpress_4\/wp-content\/uploads\/2014\/01\/Untitled-2.png\" rel=\"attachment wp-att-405\"><img loading=\"lazy\" decoding=\"async\" class=\"wp-image-405 alignright\" src=\"https:\/\/yliharmannuorisoseura.fi\/wordpress_4\/wp-content\/uploads\/2014\/01\/Untitled-2-300x169.png\" alt=\"Ylih\u00e4rm\u00e4n Nuorisoseura\" width=\"572\" height=\"322\" srcset=\"https:\/\/yliharmannuorisoseura.fi\/wordpress_4\/wp-content\/uploads\/2014\/01\/Untitled-2-300x169.png 300w, https:\/\/yliharmannuorisoseura.fi\/wordpress_4\/wp-content\/uploads\/2014\/01\/Untitled-2-768x432.png 768w, https:\/\/yliharmannuorisoseura.fi\/wordpress_4\/wp-content\/uploads\/2014\/01\/Untitled-2-1024x576.png 1024w\" sizes=\"auto, (max-width: 572px) 100vw, 572px\" \/><\/a><\/strong><br \/>\nYlistarontie 94, 62380 Kosolankyl\u00e4<\/p>\n<p><strong>Vuokra-asiat (klo 16 j\u00e4lkeen):<\/strong><br \/>\np.050 340 3357<\/p>\n<p><strong>Laskutusosoite:<br \/>\n<\/strong><span data-ft=\"{&quot;tn&quot;:&quot;K&quot;}\"><span class=\"UFICommentBody\">Kaupintie 8, 62375 Ylih\u00e4rm\u00e4<br \/>\n<\/span><\/span><\/p>\n<p>Y-tunnus: 0431616-8<\/p>\n<p><strong>S\u00e4hk\u00f6posti:<\/strong><br \/>\ninfo@yliharmannuorisoseura.fi<\/p>\n<p><strong>Muut sivustot:<br \/>\n<\/strong><a href=\"https:\/\/www.facebook.com\/YliharmanNS\/?fref=ts\" target=\"_blank\" rel=\"noopener noreferrer\">Facebook<\/a><br \/>\n<a href=\"https:\/\/www.instagram.com\/yliharman_ns\/\" target=\"_blank\" rel=\"noopener noreferrer\">Instagram<\/a><br \/>\n<a href=\"https:\/\/www.youtube.com\/channel\/UCClet52wPMS2NEd6MqxOXCw\" target=\"_blank\" rel=\"noopener noreferrer\">Youtube<\/a><br \/>\n<a href=\"https:\/\/www.tiktok.com\/@yliharmannuorisoseura?_t=ZN-8xdZHbGeUBK&amp;_r=1\" target=\"_blank\" rel=\"noopener\">TikTok<\/a><\/p>\n<p><strong>Johtokunta:<br \/>\n<\/strong>Maaria Koivula-Talkkari, puheenjohtaja, puh. 040 761 5644<br \/>\nMarko Hannus, varapuheenjohtaja<br \/>\nSatu Linko, sihteeri<br \/>\nTero Hurtamo, rahastonhoitaja<br \/>\nMarko Hippi<br \/>\nHanna Keskinen<br \/>\nMari-Elina Kottari<br \/>\nKati Luoma<br \/>\nSeija Mantere<br \/>\nKirsi Ruotsala<br \/>\nHenriikka V\u00e4lim\u00e4ki<\/p>\n<p><input id=\"mac_address\" type=\"hidden\" value=\"\" \/><\/p>\n","protected":false},"excerpt":{"rendered":"<p>Ryhmien lippuvaraukset: teatteri@yliharmannuorisoseura.fi Osoite: Ylistarontie 94, 62380 Kosolankyl\u00e4 Vuokra-asiat (klo 16 j\u00e4lkeen): p.050 340 3357 Laskutusosoite: Kaupintie 8, 62375 Ylih\u00e4rm\u00e4 Y-tunnus: 0431616-8 S\u00e4hk\u00f6posti: info@yliharmannuorisoseura.fi Muut sivustot: Facebook Instagram Youtube TikTok Johtokunta: Maaria Koivula-Talkkari, puheenjohtaja, puh. 040 761 5644 Marko Hannus, varapuheenjohtaja Satu Linko, sihteeri Tero Hurtamo, rahastonhoitaja Marko Hippi Hanna Keskinen Mari-Elina Kottari Kati Luoma&#160;[&#8230;] <\/p>\n<p><a href=\"https:\/\/yliharmannuorisoseura.fi\/wordpress_4\/yhteystiedot\/\" title=\"\" class=\"more-link\">Continue&#160;reading&#160;&#8230;<\/a><\/p>\n","protected":false},"author":4,"featured_media":0,"parent":0,"menu_order":0,"comment_status":"open","ping_status":"open","template":"","meta":{"footnotes":""},"class_list":["post-25","page","type-page","status-publish","hentry"],"_links":{"self":[{"href":"https:\/\/yliharmannuorisoseura.fi\/wordpress_4\/wp-json\/wp\/v2\/pages\/25","targetHints":{"allow":["GET"]}}],"collection":[{"href":"https:\/\/yliharmannuorisoseura.fi\/wordpress_4\/wp-json\/wp\/v2\/pages"}],"about":[{"href":"https:\/\/yliharmannuorisoseura.fi\/wordpress_4\/wp-json\/wp\/v2\/types\/page"}],"author":[{"embeddable":true,"href":"https:\/\/yliharmannuorisoseura.fi\/wordpress_4\/wp-json\/wp\/v2\/users\/4"}],"replies":[{"embeddable":true,"href":"https:\/\/yliharmannuorisoseura.fi\/wordpress_4\/wp-json\/wp\/v2\/comments?post=25"}],"version-history":[{"count":33,"href":"https:\/\/yliharmannuorisoseura.fi\/wordpress_4\/wp-json\/wp\/v2\/pages\/25\/revisions"}],"predecessor-version":[{"id":2701,"href":"https:\/\/yliharmannuorisoseura.fi\/wordpress_4\/wp-json\/wp\/v2\/pages\/25\/revisions\/2701"}],"wp:attachment":[{"href":"https:\/\/yliharmannuorisoseura.fi\/wordpress_4\/wp-json\/wp\/v2\/media?parent=25"}],"curies":[{"name":"wp","href":"https:\/\/api.w.org\/{rel}","templated":true}]}}